 5*r + 1. Suppose 6*a - 4*a = 5*p - 5, 5*p + 5*a + 30 = 0. Determine o(p).
-4
Let j(c) = c**3 - 4*c**2 - 5. Let y(i) = -i - 5. Let k be y(8). Let x = 21 + k. Let a = x + -4. Determine j(a).
-5
Suppose 2*z = 9*z - 14. Let v(s) = 3 - s**3 - 2 - z - s + 2*s. Determine v(-2).
5
Let o(u) = u - 2*u - 4 + 0*u. Let n = 11 + -15. Let s be 11/n + (-3)/12. Calculate o(s).
-1
Let g(o) be the third derivative of 0*o - 1/4*o**4 - 30*o**2 - o**3 + 0. What is g(-4)?
18
Let a(d) be the first derivative of 1/4*d**4 - 5/3*d**3 + 1 + d - 3*d**2. What is a(6)?
1
Suppose -2*f = -8*f + 24. Let t(l) = 7*l - 15. Let z be 4/6 - (-68)/(-12). Let n(j) = -11*j + 23. Let r(m) = z*n(m) - 8*t(m). Give r(f).
1
Let o(a) = -a**2 - 10*a - 10. Let s(j) = -3*j**2 - 29*j - 29. Let v(r) = -17*o(r) + 6*s(r). Let w(p) = -p**2 + 3*p + 23. Let l be w(-4). Calculate v(l).
-9
Let t(x) = 1. Let o(z) = -z + 4. Let m(a) = o(a) - t(a). Suppose 4*i - 53 = -5. Suppose -2*s + 5*s = i. Give m(s).
-1
Let j(s) be the third derivative of 0 - 5*s**2 + 0*s + 2/3*s**3 - 1/30*s**5 - 1/120*s**6 + 1/6*s**4. Calculate j(-3).
1
Let r be 1 + -5 + 8 + 0. Suppose -r*y + 35 = y. Let q(f) = -f**2 + 6*f + 10. Give q(y).
3
Let i be (8 - 4/2) + (21 - 35). Let b(q) = -q - 11. What is b(i)?
-3
Let y(i) = -i**2 + 10*i - 7. Let s be y(3). Let c = 12 - s. Let k(b) = -b - 2. Calculate k(c).
0
Let z(m) = 26*m + 6*m + m**2 - 2*m**2 + 3*m - 35 - 21*m. Give z(12).
-11
Let y(s) be the first derivative of s**3/3 - s**2/2 + 24*s - 29. Calculate y(0).
24
Let r(q) be the first derivative of -q**4/4 - q**3 + q + 1. Suppose 2*f = 5*y + 11, f + 4*f - 3*y = -1. Calculate r(f).
-3
Suppose 2*j - 1 = l, 15 = -l - 4*j + 2. Let u(t) = -t**2 - 6*t + 2. Give u(l).
7
Let p be 132/(-11)*(-1)/((-9)/6). Let w(x) = -14*x**2 + 35*x - 47. Let r(z) = 5*z**2 - 12*z + 16. Let b(a) = 17*r(a) + 6*w(a). What is b(p)?
6
Let y be ((-4 - 0) + 2)/(-2). Let s(h) = -6. Let r(u) = -u. Let z(a) = y*s(a) - 2*r(a). Suppose -67 + 19 = -8*i. Determine z(i).
6
Let o be 0 + 1 - (2 + -1). Let t(k) be the third derivative of -k**4/24 - 5*k**3/6 + 3*k**2 - 4*k. Calculate t(o).
-5
Suppose 3*m + 4*j = -0 - 17, 5*m - j + 59 = 0. Let x = 17 + m. Suppose v + x = -0*v. Let u(h) = h + 3. Determine u(v).
-3
Let k(t) be the third derivative of -t**6/120 + 7*t**5/30 - t**4/12 + 19*t**3/6 + 211*t**2. Calculate k(14).
-9
Let o(w) = -4*w - 10. Suppose -65 - 85 = -50*n. Determine o(n).
-22
Let s(d) = 4*d**2 + 10*d + 15. Let a(c) = 5*c**2 + 11*c + 17. Let p(g) = -3*a(g) + 4*s(g). Give p(-4).
-3
Let s(n) = 2*n + 7. Suppose 5*u + 87 + 103 = 0. Let a = u + 32. What is s(a)?
-5
Suppose 12*g - 14 = 26*g. Let p(k) = -3*k**3 - k**2 - 3*k + 2. Let x(n) = -n**3 + n - 1. Let u(j) = -p(j) - 2*x(j). Calculate u(g).
-5
Let h be -2*(3 - (-27)/(-6)). Suppose -h*d + 2*d = r, -2*r + 3*d = -10. Let z(y) = -y**3 + 3*y**2 - 2*y - 1. What is z(r)?
-1
Let f(o) = 35 + 4*o**2 - 2*o**3 - 36 - 5*o**2 + o**3. Let v be 6/4*(-6)/9. Determine f(v).
-1
Let r be 30/(-8) + 8/(-32). Let k(b) = -2 + b + 18 - 8 - 6. Determine k(r).
-2
Let c(q) be the second derivative of q + 0 + 1/2*q**3 - 2*q**2 + 1/12*q**4. Let d = -9 - -5. Give c(d).
0
Suppose -4*j - 175 = -11*j. Suppose -17*h + 12*h - j = 0. Let a(t) = t**2 + 5*t + 6. What is a(h)?
6
Let w(j) = 4*j - 1. Suppose 0*r = -r - 4, -12 = -2*d + r. Determine w(d).
15
Let b = -312 + 317. Let v(c) = -c**3 + 4*c**2 + 4*c + 7. Give v(b).
2
Let s = 3 - 0. Suppose s*y - 7*y + 8 = 0. Let l(p) = -2 + p + 3 + 2*p**y + 5*p**3 - p**2 + 0. Determine l(-1).
-4
Suppose -9 + 3 = -2*i. Suppose -4*k + 7 = -5*y, -2*y = -5*k + i*y + 10. Suppose b = 5*j + 5*b - 11, -k*j + 5*b - 23 = 0. Let h(f) = -6*f - 1. Calculate h(j).
5
Let p(s) = -s**2 - 17*s - 21. Let y be p(-15). Suppose -2*b - 3 - y = 0. Let v(w) = w**2 + 5*w + 4. Determine v(b).
10
Let q(c) = -c**3 - 4*c**2 + 6*c + 7. Let f be q(-5). Let v(w) = -3 + 4*w**f + w**3 + 8 - w + 0*w**2 + 2*w**2. Let n be (4/(-6) + 0)*9. Calculate v(n).
11
Let y be -10*2/10*2. Let t(q) be the third derivative of q**6/720 + q**5/120 + q**4/6 - 7*q**2. Let p(l) be the second derivative of t(l). Give p(y).
-3
Let k(q) = -2*q - 7. Let g(m) = 2*m + 6. Let p(h) = 5*g(h) + 4*k(h). Let d be p(0). Let w(y) = y**2 + 12 - 3 - 8 - d*y. Give w(2).
1
Let o(a) = -a**3 - 7*a**2 - 7*a - 5. Let m(j) = j**2 + 52. Let b be m(0). Let q = -57 + b. Calculate o(q).
-20
Let u(h) be the second derivative of -h**4/12 - 3*h**3/2 - 7*h**2/2 + h. Suppose 2*m = 4*n - 42, -33*m + 35*m + n = -7. Give u(m).
7
Let o(q) = 158*q + 193. Let a(b) = 87*b + 96. Let l(k) = -11*a(k) + 6*o(k). What is l(11)?
3
Let a(u) = 13*u + 1. Let d(i) = -32*i - 3. Let q(r) = 5*a(r) + 2*d(r). What is q(-5)?
-6
Let b(w) = 2*w - 31 + 5*w - 4*w - 2*w + 35. What is b(-4)?
0
Suppose 8 = 6*b - 4*b. Suppose 0 = -2*h - b*t + 8, -4*t = -5*h - t - 19. Let g(i) = i**3 + 2*i**2 + 2*i + 1. What is g(h)?
-3
Let y(r) = r - 6. Let x(m) be the first derivative of -m + 29. Let v(h) = -3*x(h) + y(h). Give v(4).
1
Let p(l) = -4*l**3 + 7*l**2 + 4*l - 45. Let j(v) = -3*v**3 + 5*v**2 + 3*v - 30. Let o(x) = -7*j(x) + 5*p(x). Let a be 0/((0 - 3)/3). Give o(a).
-15
Let c(u) = u - 9. Let l be c(10). Let h be (-1 - 3) + l*8. Let n(f) = 4 + 4*f - 1 + h*f**2 - f**2. Give n(-2).
7
Let c = 17 + -13. Suppose p + c*v = 12, 3*p = 2*p + 2*v. Let t(u) = 2*u - 2 - 6 + 3 - p. What is t(6)?
3
Let v(u) be the first derivative of u**2/2 + 54. Calculate v(-9).
-9
Let y(s) = -9*s**2 + 29 - 2*s**2 + 46*s + 12*s**2 - 16*s. Determine y(-29).
0
Let g(u) = 3*u. Let d be -1 + 5/((-15)/(-18)). Suppose 20 = -p - 4*t + 1, d*t = -20. What is g(p)?
-9
Let n be 2/(-5) + 24/60. Suppose 4*u + 0 - 8 = n. Let d(h) = -h + 2. What is d(u)?
0
Let m(q) = 8*q - 3. Let x = -503 - -506. Determine m(x).
21
Suppose -8 = 8*m - 6*m. Let z(a) = -a**3 - 3*a**2 + a - 9. What is z(m)?
3
Let g(w) = -w**3 + 2*w**2 - w + 1. Let d(o) = -o**2 + 10*o - 8. Let f be d(8). Suppose -f = -6*v + 5*v. Let y = v + -7. Give g(y).
1
Let l(v) be the first derivative of v**3/3 - 5*v**2/2 + 2*v + 5. Suppose -516*x = -503*x - 65. What is l(x)?
2
Let x(p) = p**2 - 10*p + 11. Suppose -c - w + 14 = 0, 0 = -4*c + w + 7 + 29. What is x(c)?
11
Suppose -394 = 15*x - 364. Let f(t) = -t**3 + 3*t**3 + t + 2 + 3*t**2 + 0*t. Determine f(x).
-4
Let f = 18 - 14. Suppose 0 = -s - s + 20. Let h(c) = -3*c + s*c - 2*c + f*c. Give h(-1).
-9
Let s(y) = -6*y - 58. Let h(c) = 2*c + 9. Let t(x) = -6*h(x) - s(x). Suppose -2*z + 5*z = 9. Give t(z).
-14
Suppose -5*x + 6 - 16 = 0. Let h be 6/(-3)*11/x. Let u(b) = 2*b**2 - 23*b - 15. Let o(a) = a**2 - 12*a - 8. Let y(c) = h*o(c) - 6*u(c). What is y(6)?
2
Let b(h) = 14 - 172*h**2 - 6 - 7 + 152*h**2. Give b(-1).
-19
Let x(l) be the first derivative of -2*l**3/3 - 3*l**2/2 - 2*l + 205. Determine x(3).
-29
Let y be (-9)/(-6) + (-14)/(-4). Let m(s) = -s**2 - 5*s + 0 + 4*s - y. What is m(0)?
-5
Let k(o) = o**3 - 9*o**2 - 10*o + 1. Suppose -4*r + 50 = 2*z, 45*r - 60 = 40*r - 2*z. What is k(r)?
1
Let d = -28 - -20. Let a(t) be the second derivative of -t**5/20 - 3*t**4/4 - 4*t**3/3 - 3*t**2/2 - t + 321. Give a(d).
-3
Let c(o) = o - 1. Suppose -20 = -5*m, k - 17 = -4*m + 3. What is c(k)?
3
Let x(d) = -71*d**3 - 6*d**2 + d - 10. Let n(p) = 23*p**3 + 2*p**2 + 3. Let r(a) = -7*n(a) - 2*x(a). Determine r(-1).
18
Let y(b) = b**3 + 5*b**2 + b - 2. Let r be ((-407)/22)/(2/(-4)). Let c = r - 40. Calculate y(c).
13
Let o(p) = 2*p + 1. Let t(q) = -3*q - 2. Let a(w) = 3*o(w) + t(w). Determine a(-8).
-23
Let j(o) be the third derivative of o**6/120 - o**5/12 - o**4/12 + 5*o**3/6 + 195*o**2. Calculate j(6).
29
Let x(o) = o + 2*o - 3*o - 9*o - 540 + 523. Give x(-4).
19
Let u(x) = -113*x - 3 + 48*x + 56*x. What is u(-4)?
33
Let b(p) = 4*p + 12. Let y(q) = q**2 + 13*q + 34. Let j be y(-9). What is b(j)?
4
Let z(l) = 5*l**3 - l**2 - 2*l. Let c(f) be the first derivative of -f**4/4 - f**3/3 - f**2/2 + f - 2. Let k(p) = -4*c(p) - z(p). Give k(6).
-4
Let s(y) = y**2 - 2. Let r be s(-2). Let q(c) = 4*c - c - r*c + 0*c. Determine q(0).
0
Let r(g) be the first derivative of -g**4 + g**3 - 2*g**2 + 5*g + 368. Give r(2).
-23
Let m(k) = -k**2 + 8*k - 8. Let a be 1 - 0 - (1 + 0/(-3)). Suppose -x + 7 - 1 = a. Determine m(x).
4
Let j(q) = -5*q - 9. Let m(z) = -4*z - 7. Let t(x) = -3*j(x) + 4*m(x). Give t(-6).
5
Let t